s 1623 a factor of 2600478?
False
Is 2237 a factor of 483242811?
False
Is 2 a factor of 56608559?
False
Is 9758 a factor of 2565709972?
True
Does 186 divide 15212056?
False
Does 12 divide 19878252?
True
Is 11949 a factor of 4150497948?
False
Does 655 divide 642017245?
True
Does 55 divide 75447680?
True
Is 2470361814 a multiple of 9?
True
Is 3354 a factor of 61844406?
True
Is 2061 a factor of 3566912191?
False
Is 6 a factor of 215042696?
False
Does 111 divide 57118713?
True
Is 136 a factor of 151816028?
False
Is 34 a factor of 578412893?
False
Does 339 divide 184588556?
False
Is 214809834 a multiple of 1001?
False
Is 64557960 a multiple of 10?
True
Is 13271465 a multiple of 61?
True
Is 20262404 a multiple of 3?
False
Does 2 divide 9483227?
False
Does 5187 divide 2646085806?
True
Is 4187 a factor of 218953896?
False
Is 3704760 a multiple of 72?
True
Does 84 divide 85904616?
True
Is 161917756 a multiple of 572?
True
Is 168 a factor of 629459208?
True
Does 1296 divide 2028779136?
True
Is 28 a factor of 23967341?
False
Is 3915223 a multiple of 13?
True
Does 496 divide 68989136?
True
Is 114199400 a multiple of 140?
True
Is 5 a factor of 85548488?
False
Does 20 divide 426801205?
False
Does 1631 divide 61916022?
True
Does 1568 divide 215970048?
True
Does 205 divide 1268859?
False
Is 98329079 a multiple of 712?
False
Does 2 divide 9877751?
False
Does 8 divide 152043200?
True
Does 1818 divide 1573713522?
True
Does 1076 divide 5041717436?
True
Does 15 divide 679518270?
True
Is 617478347 a multiple of 173?
True
Is 7 a factor of 2295488?
False
Does 298 divide 742551519?
False
Is 116 a factor of 295760444?
True
Is 26 a factor of 47207649?
False
Is 2454 a factor of 85963960?
False
Does 4501 divide 66272724?
True
Is 156 a factor of 157555944?
True
Is 13 a factor of 1087682414?
True
Is 111 a factor of 104096022?
True
Is 194316864 a multiple of 652?
True
Is 933007658 a multiple of 5533?
True
Is 4549580 a multiple of 4?
True
Is 47 a factor of 43794964?
False
Is 137629316 a multiple of 9?
False
Is 115091746 a multiple of 1991?
True
Is 255 a factor of 2618579190?
True
Is 116 a factor of 7651977?
False
Is 47999488 a multiple of 1556?
True
Is 99924730 a multiple of 29?
False
Is 1183 a factor of 4072890541?
False
Is 15333249 a multiple of 394?
False
Is 982688664 a multiple of 87?
True
Is 145 a factor of 134360559?
False
Does 111 divide 81818655?
True
Is 1477215250 a multiple of 50?
True
Does 412 divide 60285199?
False
Is 33 a factor of 104620659?
True
Does 723 divide 15409912?
False
Is 2811694 a multiple of 20?
False
Is 84181073 a multiple of 3319?
False
Is 54 a factor of 27991862?
False
Is 194757124 a multiple of 5?
False
Is 391150725 a multiple of 1659?
True
Is 113 a factor of 303857?
True
Does 1068 divide 324365484?
True
Does 7 divide 28971692?
False
Is 15 a factor of 54538443?
False
Is 13 a factor of 1862472215?
False
Is 945497040 a multiple of 2391?
True
Is 11 a factor of 675296811?
False
Is 57585776 a multiple of 16?
True
Does 1308 divide 88651008?
True
Does 6 divide 8396143?
False
Does 669 divide 132174330?
True
Does 298 divide 660236?
False
Is 5 a factor of 8435298?
False
Does 7 divide 71811896?
False
Is 56 a factor of 231569632?
True
Does 850 divide 36023300?
False
Is 134 a factor of 132182022?
True
Is 2751 a factor of 599308101?
True
Does 2755 divide 349849185?
True
Is 447 a factor of 4614500995?
False
Is 23 a factor of 13158100?
False
Is 682 a factor of 27839594?
False
Is 18982133 a multiple of 110?
False
Does 2800 divide 275238408?
False
Is 12135320 a multiple of 8?
True
Is 959186688 a multiple of 2000?
False
Is 4 a factor of 152541?
False
Is 148 a factor of 413335995?
False
Is 189343581 a multiple of 203?
True
Does 4759 divide 144131074?
True
Is 54385150 a multiple of 29?
True
Is 4105217 a multiple of 23?
False
Does 132 divide 140036421?
False
Does 618 divide 173153712?
True
Is 7 a factor of 692647627?
True
Is 16182626 a multiple of 119?
False
Is 28435433 a multiple of 441?
False
Does 3070 divide 147980492?
False
Is 367 a factor of 443461881?
True
Is 5 a factor of 9113740?
True
Is 2459 a factor of 19108130?
False
Does 17 divide 1790510670?
False
Does 103 divide 978653367?
True
Does 282 divide 92506434?
True
Is 94312203 a multiple of 3?
True
Is 4 a factor of 220663320?
True
Is 187992239 a multiple of 29?
True
Does 5 divide 160227670?
True
Is 18 a factor of 76386879?
False
Is 2447972809 a multiple of 6181?
False
Is 325132478 a multiple of 2266?
True
Does 20 divide 413669968?
False
Is 1980 a factor of 1003071960?
True
Is 177004872 a multiple of 632?
True
Is 41444752 a multiple of 361?
False
Is 18 a factor of 1554281162?
False
Is 40939488 a multiple of 25?
False
Is 110 a factor of 1095687664?
False
Does 15 divide 36873600?
True
Is 13841603 a multiple of 93?
False
Is 377186728 a multiple of 1251?
False
Does 176 divide 424797959?
False
Does 651 divide 10325511?
True
Is 23212053 a multiple of 2333?
False
Is 874494324 a multiple of 4742?
False
Does 366 divide 8513160?
True
Is 107592982 a multiple of 194?
True
Does 104 divide 3486912?
True
Is 687771661 a multiple of 215?
False
Is 181317704 a multiple of 73?
False
Does 13734 divide 2612399076?
True
Is 15 a factor of 163342723?
False
Is 758238643 a multiple of 357?
False
Is 1011 a factor of 122313663?
False
Does 437 divide 48518799?
True
Is 8 a factor of 85758464?
True
Is 83833893 a multiple of 1275?
False
Does 7 divide 2806629?
True
Does 1132 divide 119529012?
True
Does 273 divide 50912354?
False
Is 1587 a factor of 515602017?
True
Is 28 a factor of 76054328?
True
Is 370 a factor of 1290643990?
True
Does 8 divide 28543200?
True
Is 1065104069 a multiple of 3169?
True
Is 92160605 a multiple of 58?
False
Does 7 divide 5052397?
True
Does 12 divide 762396014?
False
Is 149007544 a multiple of 28?
True
Is 1258 a factor of 194699161?
False
Does 709 divide 6856263?
False
Is 114 a factor of 188028775?
False
Does 12 divide 484192944?
True
Does 37 divide 4068134?
False
Is 413798175 a multiple of 75?
True
Is 51 a factor of 55847751?
False
Is 1173616888 a multiple of 892?
True
Does 895 divide 1110200065?
True
Is 12 a factor of 793918140?
True
Is 69409003 a multiple of 37?
True
Is 64112932 a multiple of 492?
False
Is 8 a factor of 127574568?
True
Does 458 divide 440615236?
True
Is 1313290599 a multiple of 240?
False
Is 27825426 a multiple of 3?
True
Does 526 divide 4435758?
True
Is 463336640 a multiple of 18?
False
Does 14 divide 3044734?
True
Is 129 a factor of 2132275456?
False
Is 4569 a factor of 463401687?
True
Is 268 a factor of 228432748?
True
Is 22234784 a multiple of 176?
True
Does 1619 divide 158001343?
False
Does 22 divide 6300865824?
True
Is 253 a factor of 2164389945?
False
Is 1381147180 a multiple of 4?
True
Is 102995595 a multiple of 1575?
False
Does 7 divide 53295382?
True
Does 91 divide 241259019?
False
Is 84261856 a multiple of 5223?
False
Is 65 a factor of 6371684773?
False
Is 314757364 a multiple of 334?
False
Is 5871 a factor of 5269569407?
False
Is 85741677 a multiple of 141?
True
Does 22 divide 63171680?
True
Is 28 a factor of 140262136?
True
Does 152 divide 35350207?
False
Is 202 a factor of 61952111?
False
Does 2 divide 1043297?
False
Is 5615906 a multiple of 352?
False
Is 393 a factor of 18919678?
False
Is 1373 a factor of 193382666?
False
Does 25 divide 974643580?
False
Is 160 a factor of 8393992?
False
Is 3861121788 a multiple of 36?
True
Is 55318809 a multiple of 7?
True
Does 2283 divide 24359610?
True
Is 46 a factor of 4407270945?
False
Is 51879690 a multiple of 45?
True
Does 569 divide 65973681?
False
Is 6 a factor of 11940436?
False
Is 232 a factor of 15522420?
False
Does 246 divide 83177470?
False
Is 2 a factor of 668470?
True
Is 91846321 a multiple of 260?
False
Is 1362221 a multiple of 23?
True
Is 169 a factor of 1999251?
False
Is 86898313 a multiple of 3?
False
Is 36500800 a multiple of 56?
True
Is 874 a factor of 11943210?
True
Is 16 a factor of 84850720?
True
Does 37 divide 7582632?
True
Is 17746896 a multiple of 2?
True
Is 685 a factor of 679364505?
True
Does 22 divide 3462684?
False
Is 333 a factor of 793848902?
False
Does 401 divide 598390078?
False
Is 84804856 a multiple of 32?
False
Is 3481842760 a multiple of 5324?
True
Is 9 a factor of 152264608?
False
Does 2012 divide 578810357?
